ppose -t = 62 - 56. What is the hundreds digit of (-112)/(-12)*-3*39/t?
1
Suppose -b + 1 = -4. Suppose -z + 0*z = b. Let k(c) = -c**2 - 7*c - 1. What is the units digit of k(z)?
9
Let h = -46 + 48. Suppose -272 = -2*n - 5*a, -h*n + 163 = 3*a - 105. What is the units digit of n?
1
Suppose -6*b + 281 = -3451. What is the hundreds digit of b?
6
Let d(c) = c**2 - c. Suppose 0 = -3*y + 4*y - 32. Let b = y - 33. What is the units digit of d(b)?
2
Let q(y) = 2*y + 8. Let c be q(-2). What is the units digit of c + (45 + 1 - 3)?
7
Let f be 4 - -5 - 3*2/2. Suppose 2*i = f*i + 2*w - 634, i + 2*w - 166 = 0. What is the units digit of i?
6
Suppose 5*k + 532 = 3*r, 0 = 5*r - 2*k - 1117 + 262. What is the hundreds digit of r?
1
Let p = 1178 + 1046. What is the tens digit of p?
2
Let o(k) be the second derivative of -k**5/20 - 13*k**4/12 - 7*k**3/6 - 9*k**2/2 + 3*k. Let i be o(-9). What is the tens digit of ((-8)/6)/(20/i)?
1
Let f(j) = j**3 + j**2 - 1. Let q(p) = -p**3 + 23*p**2 - 41*p - 18. Let r be q(21). What is the units digit of f(r)?
5
Suppose 0 = 2*f - 7*f - 3*z - 13, 4*f = 3*z - 5. Let c = 149 - f. What is the units digit of c?
1
Let v = -5 - -8. Let f be (-6 + v)*(-10 - 3). Suppose -3*p = 5*o - f, -2 = 4*o + 10. What is the tens digit of p?
1
Let p = 39 - 27. Let s(y) = -2*y + 8 - 4*y - p. What is the units digit of s(-6)?
2
Suppose -2*s - 2*s = -2*v - 14, 3*v + 5*s = 23. Let h be ((-190)/(-20))/(v/6). Suppose 7*f - 162 + h = 0. What is the tens digit of f?
1
Let q(o) = -560*o - 309. What is the units digit of q(-7)?
1
Suppose 32 = -3*k + 7*k + 4*t, 0 = 5*k - 2*t - 68. What is the units digit of 1 - 627/(-9) - k/18?
0
Let j be -3 + 1 + -19 + 16. Let s(p) = p**2 - 9*p - 11. What is the units digit of s(j)?
9
Let d(p) = 27 - 5*p - 22 + p + 3*p. Suppose -5*f - 41 = 2*b, 4*b + 9 = 2*f - 13. What is the units digit of d(b)?
3
Let a(r) = -47*r - 21. What is the tens digit of a(-20)?
1
Let d = -104 + 107. Suppose -8*s + 1859 = d*s. What is the hundreds digit of s?
1
Let a(i) = 13*i**3 + 8*i**2 + 41*i - 20. What is the thousands digit of a(6)?
3
Suppose 4*k + 339 = g, 0*k + 5*k - 691 = -2*g. What is the units digit of g?
3
Let j(y) = 13*y**2 - 2*y + 8. Let k be j(2). Suppose 3*d = -p - k + 229, -2*d = 5*p - 137. What is the tens digit of d?
5
Suppose -4*j + 5*j + 4 = 0, 0 = c + 5*j + 6. What is the units digit of (16/c)/4 - 2676/(-42)?
4
Let x(h) = 25*h + 714. What is the thousands digit of x(36)?
1
Suppose 0 = 12*b - 0*b - 7476. What is the tens digit of b?
2
Let y be ((-1)/2)/((-3)/252). Let x = -74 + y. Let l = x + 69. What is the units digit of l?
7
Suppose 4*y + 108 = -3*c, 2*c + 28 = c - 4*y. What is the units digit of 4/(c/25)*-66?
5
Suppose 1 = -j + 5. Let d(r) = -9*r + 5*r**2 - j + 11*r + r**3 + 2. What is the units digit of d(-4)?
6
Let n be ((-9)/(-6))/(15/110). Let j(g) = -g + 3. Let l be j(n). Let q = l + 10. What is the units digit of q?
2
Let w be ((-6)/5)/((-3)/10). Suppose -27 = -2*h + v, h = v - w + 15. What is the tens digit of h?
1
Let g = -119 + 360. What is the hundreds digit of g?
2
Let c(o) = -o - 4. Let g be c(-7). Suppose 136 = g*b - 2*b. What is the hundreds digit of b?
1
Suppose 143 = 4*n - 3*n. Let h = 210 - n. What is the tens digit of h?
6
Let j = -712 - -2574. What is the tens digit of j?
6
Let j(l) = -4*l**3 - l**2 + 1. Let o be j(-1). Suppose -o*c - 180 = c. What is the units digit of c/(-42)*21/6?
3
Suppose -4*s - c - 37 = 0, 3*s + 4*c - 42 = 6*s. Let f = -8 - s. Suppose 2*k - 2 = 2*v, -f*k - v + 2 = v. What is the units digit of k?
1
Let n(a) = 2*a**2 + 7*a + 18 - a**2 + 2*a + 2*a. Let i(w) = w**2 + 10*w + 18. Let s(c) = -2*i(c) + 3*n(c). What is the units digit of s(-13)?
8
Suppose -s - 106 = -4*a, -2*a + 16 = -a + 5*s. Suppose -a*v + 396 = -23*v. What is the units digit of v?
2
What is the units digit of (-2 + (-116)/16)*(-1 - 43)?
7
Suppose 41 = 2*c + 31. What is the tens digit of -28*(5/c - 3)?
5
Let u = -84 + 115. What is the tens digit of u?
3
Let y = 204 - -71. What is the tens digit of y?
7
Suppose x - 251 = 155. What is the tens digit of x?
0
What is the hundreds digit of (39/(-9))/((-23)/2070)?
3
Let v(h) = 38*h + 3. Let r be 7/56*-4*2/(-1). What is the tens digit of v(r)?
4
Let w be (3 - 3) + 2 + 0. Suppose 7*s - w*s = -120. Let y = 7 - s. What is the tens digit of y?
3
Let w = -40 + 15. Let z = 53 + w. What is the tens digit of z?
2
Let n = 10 - -121. What is the units digit of n?
1
Let y(z) = z**2 - 12*z + 11. Let i be y(11). Suppose 0*v + 33 = -2*v - 5*o, v - 3*o - 11 = i. What is the units digit of 0/(-2) - 104/v?
6
Suppose -2*z + 56 = -76. Let s be 246/12*(-3 - -1). Let f = s + z. What is the tens digit of f?
2
Suppose 15*m - 10*m - 720 = 4*x, -2*m - 5*x = -321. What is the hundreds digit of m?
1
Let f be (7/(-2))/(12/(-24)). Let m be ((-6)/f)/(4/(-14)). Suppose m*w = -0*w + 39. What is the units digit of w?
3
Suppose 0 = -14*v + 6637 - 617. What is the tens digit of v?
3
Let w be (-4)/10 - (-81)/15. Suppose 5*g + w = 10*g. What is the units digit of g?
1
Suppose 0 = -94*r + 116*r - 37774. What is the tens digit of r?
1
Let s(f) = f - 8 + 12 + 4 + 2*f**2. Let w = -4 - 0. What is the units digit of s(w)?
6
Let i(f) = 6*f**2 + 18*f - 106. What is the tens digit of i(-23)?
5
Suppose -139 - 41 = -2*s. What is the units digit of s?
0
Suppose 4*b - 13 = 4*c - 3*c, -c + 2 = b. Let f = 5 - b. Suppose 5*s - 57 = f*s. What is the units digit of s?
9
Let w(y) = 3*y**2 - 10*y + 6. Let b be w(7). Let n = -50 + b. What is the tens digit of n?
3
Let j = -10 - -116. Suppose -9*r + j = -8*r. What is the tens digit of r?
0
Suppose -36*r + 1323 = -9*r. What is the units digit of r?
9
Let b = -2 + 4. Suppose b*l = -3*l. Suppose -5*d + 210 = -l*d. What is the units digit of d?
2
Let p = -1735 - -2826. What is the tens digit of p?
9
Let l = 1287 + -416. What is the units digit of l?
1
Suppose 1553*f - 1543*f - 2120 = 0. What is the tens digit of f?
1
Let s = 189 + -78. Let w = 43 + s. What is the hundreds digit of w?
1
Let l = -7 + 14. Let k = l - 4. What is the units digit of 52/k + (-6)/(-9)?
8
Let m(z) = -194*z - 1. What is the hundreds digit of m(-1)?
1
What is the hundreds digit of -4*(3 - 1665/20)?
3
What is the tens digit of ((-126)/35)/(3/(-40))?
4
Let k be (140/3)/(-3*3/(-162)). Suppose 5*n = -n + k. What is the tens digit of n?
4
Let t = -37 + 28. Let n = t + 12. Let q = n - -66. What is the tens digit of q?
6
Let g(l) = l**2 + 2*l - 16. What is the tens digit of g(16)?
7
Suppose -3*d + 35 - 5 = 0. Suppose 0 = -2*y + d. Suppose -27 = -y*a - 7. What is the units digit of a?
4
Let o be (-1062)/(-15)*(-50)/(-15). Suppose 2*z - o = 4*w, -3*z = 3*w - 0*z + 186. What is the units digit of 5/2*w/(-10)?
5
Suppose -64*w + 63 = -43*w. Suppose 172 = 3*s + 4*l, -l + 3*l = 2*s - 110. Suppose x = -w*x + s. What is the units digit of x?
4
Let n = -723 + 3083. What is the hundreds digit of n?
3
Let l = -13 - -17. Suppose -6*a - 8 = -l*a, 2*a = -4*z - 20. What is the units digit of z - (-250)/(-2 - -7)?
7
Suppose -4895 = -5*q - 5*n, 3*q = 6*q + 4*n - 2938. What is the hundreds digit of q?
9
What is the tens digit of 22492/14 - 162/(-378)?
0
Suppose -3*j = 142 + 86. Let y = 208 + j. What is the units digit of y?
2
Let l(f) = -15*f - 24. Let c be 0 + 1 - 6 - 2. What is the tens digit of l(c)?
8
Suppose -4*q + 7622 = 33*q. What is the units digit of q?
6
Let q(w) = -w**3 - 6*w**2 + 9*w + 7. Let s(f) = -3*f**2 + 2*f + 1. Let p be s(2). Let u be q(p). What is the tens digit of (2 - 1)*(13 - u)?
2
Suppose 0 = 2*t + 5*h - 1309, -655 = -5*t + 4*t - 2*h. What is the tens digit of t?
5
Let p = -343 + -8. Let g be (-1)/(-4) - p/(-12). Let z = 52 + g. What is the units digit of z?
3
Let x(g) = -g**2 + 8*g + 1. Let d be x(7). Let u be (47 + 1)*8/d. What is the tens digit of u/10*(-220)/(-33)?
3
Suppose 0 = -2*q - 5*r + 39 + 27, 3*q + 5*r = 89. What is the units digit of q?
3
Let p be -1 - 1 - (-5 + 1 + 2). What is the hundreds digit of 978/4*(10/15 + p)?
1
Let m = 27 - 23. Suppose m*u = -8, 194 = 3*h + 5*u - 3*u. Let x = h + 4. What is the tens digit of x?
7
Let r be (4 - 5)/(2/(-136)). Let d = r + 5. What is the tens digit of d?
7
Suppose -11*l - 556 = -o - 10*l, -l - 1110 = -2*o. What is the units digit of o?
4
Let r be 2*3*11/2. Suppose -3